{"id":7,"date":"2013-04-04T16:43:53","date_gmt":"2013-04-04T16:43:53","guid":{"rendered":"http:\/\/pablotrincavelli.wordpress.com\/?page_id=7"},"modified":"2025-04-17T15:01:05","modified_gmt":"2025-04-17T18:01:05","slug":"empresa","status":"publish","type":"page","link":"https:\/\/www.laborlab.com.br\/?page_id=7","title":{"rendered":"Empresa"},"content":{"rendered":"<p><span style=\"color: #da2450;\"><b>QUEM SOMOS<\/b><\/span><\/p>\n<p>A Laborlab \u00e9 uma empresa dedicada \u00e0 produ\u00e7\u00e3o e comercializa\u00e7\u00e3o de reagentes e produtos m\u00e9dicos para diagn\u00f3stico cl\u00ednico. Nossa linha de produtos est\u00e1 adaptada \u00e0s necessidades dos laborat\u00f3rios, constituindo uma alternativa confi\u00e1vel em qualidade e economicamente atrativa.<br \/>\nPresen\u00e7a em todo o Brasil assegurada por uma ampla e agil rede de distribui\u00e7\u00e3o que possibilita atender os clientes mais distantes.<\/p>\n<p><span style=\"color: #da2450;\"><b>MISS\u00c3O<\/b><\/span><\/p>\n<p>Produzir e comercializar reagentes e produtos m\u00e9dicos de qualidade, que sejam uma alternativa econ\u00f4mica e confi\u00e1vel nas an\u00e1lises rotineiras do laborat\u00f3rio.<\/p>\n<p><span style=\"color: #da2450;\"><b>VIS<b>\u00c3<\/b>O<\/b><\/span><br \/>\nSer o fabricante nacional l\u00edder no segmento de diagn\u00f3stico in-vitro com presen\u00e7a em todos os laborat\u00f3rios cl\u00ednicos do Brasil.<\/p>\n<p><b style=\"color: #da2450;\">VALORES<\/b><br \/>\nAcreditamos na transpar\u00eancia, sinceridade e compromisso com a palavra;<br \/>\nAcreditamos honestamente que as pessoas s\u00e3o o fator mais importante da empresa;<br \/>\nAcreditamos que a melhora cont\u00ednua leva \u00e0 efic\u00e1cia;<br \/>\nAcreditamos no compromisso que temos com cada cliente para oferecer produtos e servi\u00e7os melhores a cada dia.<br \/>\nEstamos comprometidos com a defesa do meio ambiente. Sua preserva\u00e7\u00e3o \u00e9 o legado para futuras gera\u00e7\u00f5es.<\/p>\n","protected":false},"excerpt":{"rendered":"<p>QUEM SOMOS A Laborlab \u00e9 uma empresa dedicada \u00e0 produ\u00e7\u00e3o e comercializa\u00e7\u00e3o de reagentes e produtos m\u00e9dicos para diagn\u00f3stico cl\u00ednico. Nossa linha de produtos est\u00e1 adaptada \u00e0s necessidades dos laborat\u00f3rios, constituindo uma alternativa confi\u00e1vel em qualidade e economicamente atrativa. Presen\u00e7a em todo o Brasil assegurada por uma ampla e agil rede de distribui\u00e7\u00e3o que possibilita [&hellip;]<\/p>\n","protected":false},"author":2,"featured_media":0,"parent":0,"menu_order":1,"comment_status":"closed","ping_status":"closed","template":"","meta":{"footnotes":""},"class_list":["post-7","page","type-page","status-publish","hentry"],"_links":{"self":[{"href":"https:\/\/www.laborlab.com.br\/index.php?rest_route=\/wp\/v2\/pages\/7","targetHints":{"allow":["GET"]}}],"collection":[{"href":"https:\/\/www.laborlab.com.br\/index.php?rest_route=\/wp\/v2\/pages"}],"about":[{"href":"https:\/\/www.laborlab.com.br\/index.php?rest_route=\/wp\/v2\/types\/page"}],"author":[{"embeddable":true,"href":"https:\/\/www.laborlab.com.br\/index.php?rest_route=\/wp\/v2\/users\/2"}],"replies":[{"embeddable":true,"href":"https:\/\/www.laborlab.com.br\/index.php?rest_route=%2Fwp%2Fv2%2Fcomments&post=7"}],"version-history":[{"count":13,"href":"https:\/\/www.laborlab.com.br\/index.php?rest_route=\/wp\/v2\/pages\/7\/revisions"}],"predecessor-version":[{"id":2105,"href":"https:\/\/www.laborlab.com.br\/index.php?rest_route=\/wp\/v2\/pages\/7\/revisions\/2105"}],"wp:attachment":[{"href":"https:\/\/www.laborlab.com.br\/index.php?rest_route=%2Fwp%2Fv2%2Fmedia&parent=7"}],"curies":[{"name":"wp","href":"https:\/\/api.w.org\/{rel}","templated":true}]}}