{"id":13,"date":"2013-04-04T16:49:19","date_gmt":"2013-04-04T19:49:19","guid":{"rendered":"http:\/\/pablotrincavelli.wordpress.com\/?page_id=13"},"modified":"2013-05-15T06:27:37","modified_gmt":"2013-05-15T06:27:37","slug":"registro","status":"publish","type":"page","link":"https:\/\/www.laborlab.com.br\/?page_id=13","title":{"rendered":"Cadastro"},"content":{"rendered":"<p>Conhe\u00e7a nossas ofertas por e-mail. Preencha o seguinte formul\u00e1rio.<br \/>\n <p><div class=\"tnp tnp-subscription \">\n<form method=\"post\" action=\"https:\/\/www.laborlab.com.br\/wp\/wp-admin\/admin-ajax.php?action=tnp&amp;na=s\">\n<input type=\"hidden\" name=\"nlang\" value=\"\">\n<div class=\"tnp-field tnp-field-email\"><label for=\"tnp-1\">Email<\/label>\n<input class=\"tnp-email\" type=\"email\" name=\"ne\" id=\"tnp-1\" value=\"\" placeholder=\"\" required><\/div>\n<div class=\"tnp-field tnp-field-profile\"><label for=\"tnp-2\">Nome da empresa<\/label>\n<input class=\"tnp-profile tnp-profile-1\" id=\"tnp-profile_1\" type=\"text\" size=\"\" name=\"np1\" placeholder=\"\"><\/div>\n<div class=\"tnp-field tnp-field-profile\"><label for=\"tnp-3\">CNPJ<\/label>\n<input class=\"tnp-profile tnp-profile-2\" id=\"tnp-profile_2\" type=\"text\" size=\"\" name=\"np2\" placeholder=\"\"><\/div>\n<div class=\"tnp-field tnp-field-profile\"><label for=\"tnp-4\">Tel<\/label>\n<input class=\"tnp-profile tnp-profile-3\" id=\"tnp-profile_3\" type=\"text\" size=\"\" name=\"np3\" placeholder=\"\"><\/div>\n<div class=\"tnp-field tnp-field-profile\"><label for=\"tnp-5\">Nome Respons\u00e1vel<\/label>\n<input class=\"tnp-profile tnp-profile-4\" id=\"tnp-profile_4\" type=\"text\" size=\"\" name=\"np4\" placeholder=\"\"><\/div>\n<div class=\"tnp-field tnp-field-profile\"><label for=\"tnp-6\">Cargo<\/label>\n<input class=\"tnp-profile tnp-profile-5\" id=\"tnp-profile_5\" type=\"text\" size=\"\" name=\"np5\" placeholder=\"\"><\/div>\n<div class=\"tnp-field tnp-field-profile\"><label for=\"tnp-7\">UF<\/label>\n<input class=\"tnp-profile tnp-profile-6\" id=\"tnp-profile_6\" type=\"text\" size=\"\" name=\"np6\" placeholder=\"\"><\/div>\n<div class=\"tnp-field tnp-field-profile\"><label for=\"tnp-8\">Cidade<\/label>\n<input class=\"tnp-profile tnp-profile-7\" id=\"tnp-profile_7\" type=\"text\" size=\"\" name=\"np7\" placeholder=\"\"><\/div>\n<div class=\"tnp-field tnp-field-profile\"><label for=\"tnp-9\">\u00c1rea de atua\u00e7\u00e3o (p\u00fablico ou privado)<\/label>\n<input class=\"tnp-profile tnp-profile-8\" id=\"tnp-profile_8\" type=\"text\" size=\"\" name=\"np8\" placeholder=\"\"><\/div>\n<div class=\"tnp-field tnp-field-button\" style=\"text-align: left\"><input class=\"tnp-submit\" type=\"submit\" value=\"Subscrever\" style=\"\">\n<\/div>\n<\/form>\n<\/div>\n<\/p> <\/p>\n","protected":false},"excerpt":{"rendered":"<p>Conhe\u00e7a nossas ofertas por e-mail. Preencha o seguinte formul\u00e1rio.<\/p>\n","protected":false},"author":2,"featured_media":0,"parent":0,"menu_order":100,"comment_status":"closed","ping_status":"closed","template":"","meta":{"footnotes":""},"class_list":["post-13","page","type-page","status-publish","hentry"],"_links":{"self":[{"href":"https:\/\/www.laborlab.com.br\/index.php?rest_route=\/wp\/v2\/pages\/13","targetHints":{"allow":["GET"]}}],"collection":[{"href":"https:\/\/www.laborlab.com.br\/index.php?rest_route=\/wp\/v2\/pages"}],"about":[{"href":"https:\/\/www.laborlab.com.br\/index.php?rest_route=\/wp\/v2\/types\/page"}],"author":[{"embeddable":true,"href":"https:\/\/www.laborlab.com.br\/index.php?rest_route=\/wp\/v2\/users\/2"}],"replies":[{"embeddable":true,"href":"https:\/\/www.laborlab.com.br\/index.php?rest_route=%2Fwp%2Fv2%2Fcomments&post=13"}],"version-history":[{"count":7,"href":"https:\/\/www.laborlab.com.br\/index.php?rest_route=\/wp\/v2\/pages\/13\/revisions"}],"predecessor-version":[{"id":487,"href":"https:\/\/www.laborlab.com.br\/index.php?rest_route=\/wp\/v2\/pages\/13\/revisions\/487"}],"wp:attachment":[{"href":"https:\/\/www.laborlab.com.br\/index.php?rest_route=%2Fwp%2Fv2%2Fmedia&parent=13"}],"curies":[{"name":"wp","href":"https:\/\/api.w.org\/{rel}","templated":true}]}}